 What is t(v)?
-2
Let k(n) = n**3 - 4*n**2 + 4*n - 5. Let x be ((-52)/(-6))/(10/75). Let b be 10/x + 100/26. Determine k(b).
11
Let m(q) be the second derivative of q**5/20 - q**4/12 - q**3/3 + q**2/2 + 75*q. What is m(3)?
13
Let q(c) = 19*c + 11. Let m(p) = -6 - 2*p - 6*p - 2*p + 0. Let r(n) = -11*m(n) - 6*q(n). Determine r(1).
-4
Let r be ((-22)/66)/((-1)/15). Suppose -r*i = -5*c - i - 28, -c = 2*i + 14. Let y(x) = -5*x. Let a(n) = n - 1. Let h(q) = -4*a(q) - y(q). What is h(c)?
-4
Let t be (-40)/14 - (-1)/(-7). Let k(h) = 3 - h**2 - 4*h + 3 - 8. Let d(z) = 2*z**2 + 7*z + 3. Let c(s) = 2*d(s) + 5*k(s). Determine c(t).
5
Suppose 0*s + 5*s = 2*p - 33, -5*p = 4*s. Let n(j) be the third derivative of -1/2*j**3 + 0*j + 0 - 3*j**2 - 1/24*j**p. What is n(0)?
-3
Let b be (4/5)/((-4)/(-120)). Suppose 0 = 3*x + x + b. Let o(d) = 2*d - 2. Determine o(x).
-14
Let k(h) be the first derivative of h**2/2 - 18*h + 237. What is k(18)?
0
Suppose -9 = -3*f - i, 18*i - 20*i = 0. Let c(s) be the second derivative of 1/12*s**4 + 0 + s**2 + 4*s - 5/6*s**f. Give c(6).
8
Let g(y) = -y**3 + 4*y**2 - y - 2. Let m(z) = 2*z - 2. Suppose 3*p - 11 + 0 = 2*r, -8 = -p + 5*r. Let h be m(p). Suppose -b - h*b = -10. Determine g(b).
4
Suppose 115 - 23 = 23*x. Let m(q) be the first derivative of 1/2*q**2 + 3 - 1/3*q**3 + 5*q. Determine m(x).
-7
Let w(c) be the third derivative of -c**6/120 - 7*c**5/60 - 5*c**4/24 - 3*c**3/2 - 128*c**2. What is w(-6)?
-15
Let f = 441 + -445. Let k(g) = g + 3. Give k(f).
-1
Suppose -9*u - 2745 = -2808. Let d(q) = q**2 - 5*q - 10. What is d(u)?
4
Let h(g) = -g**2 - 6*g + 5. Let q(z) = 3*z**2 + 18*z - 17. Let f(k) = 11*h(k) + 4*q(k). Determine f(-7).
-6
Suppose 7*h + 0*h = 3*h. Let z = 4 + h. Let y(t) = -t**2 + 4*t + 4. Calculate y(z).
4
Let v(p) = 7*p**3 + 9 + 6*p**3 + 12 - 2*p + p - 20. Calculate v(1).
13
Let r(t) = -t. Let f(c) = 4 - c**3 + 1 - 6 - 2*c + 5*c**2 - 2*c**2. Let z be f(2). Let l be (0 - -3)*z/1. Determine r(l).
3
Let n be -4 - 24/(-3 + 0). Suppose 3*g - 2*a = -3*a + 6, 0 = -n*g - 2*a + 6. Let h(b) = -b**2 + b + 4. What is h(g)?
-2
Let n = 536 - 540. Let b(a) = -a**2 + 4*a - 1. What is b(n)?
-33
Let m(i) = -i**3 - i**2 - i - 1. Let a = 330 - 332. Calculate m(a).
5
Let h(k) be the second derivative of 7*k**3/2 + k**2/2 - 84*k - 2. Calculate h(-2).
-41
Let g(x) = x**2 - 2*x + 2. Let q be g(2). Let a(i) = -2*i + 39. Let v be a(18). Let j(d) = -3*d**2 - d**3 - 4 + 0*d**q + v*d + 9. What is j(-4)?
9
Suppose -15*m + 12*m + 4 = 5*w, 5*m = -5*w. Let p(f) = -2*f**2 + 4*f - 3. Calculate p(w).
-3
Let c(d) be the first derivative of d**5/60 + 5*d**4/24 - 5*d**3/6 + 33*d**2/2 + 6. Let m(g) be the second derivative of c(g). Give m(-5).
-5
Let s(n) = -1923*n**3 - 4*n + n + 0*n**2 + 1922*n**3 - 2*n - 6*n**2 - 7. Let q = 1 - -1. Suppose -2*m + 2 = 0, -2*m = -7*w + q*w - 27. Calculate s(w).
-7
Let u(k) = -2*k**3 - k**2 - 4*k + 3. Let q(h) = h**3 + 2*h - 2. Let f(o) = -13*q(o) - 6*u(o). Let n(m) = 2*m + 40. Let w be n(-17). Give f(w).
-4
Let s(u) = 6*u**2 - 3*u - 4. Let k(r) = -r**3 - 16*r**2 - 60*r + 3. Let y be k(-10). Give s(y).
41
Let k(p) = 19*p**2 - 16*p + 1. Let d be k(1). Let h(t) = -t + 5. Calculate h(d).
1
Let x(k) = k**3 - 6*k**2 - 6*k - 16. Suppose -2301 = -5*q - 2266. What is x(q)?
-9
Let c(s) = 15*s**3 + 4*s**2 - 12*s + 25. Let k(f) = f**3 - f**2 + 2*f - 4. Let w(x) = -c(x) - 6*k(x). Determine w(1).
-20
Let a(u) be the third derivative of 0*u + 9*u**2 + 0 + 0*u**3 - 1/6*u**4. Calculate a(-2).
8
Let w(i) = 8*i - 2. Let k(o) = -7*o + 1. Let y(b) = -7*k(b) - 6*w(b). Determine y(-7).
-2
Let s(t) be the third derivative of -t**5/30 - t**4/8 + t**3/3 + 7*t**2 - 1. Determine s(3).
-25
Let d(o) = -13*o**3 + 2*o**2 + 2*o + 1. Let j = 331 + -332. Calculate d(j).
14
Let o(q) = 2*q**2 + 9*q - q**2 - 2*q**2 + 19. Let m be o(11). Let r(t) = -t + 2. Determine r(m).
5
Let n(v) = -v**3 + 13*v**2 + 16*v - 32. Let l be n(14). Let g(z) be the third derivative of z**5/60 + z**4/6 + 5*z**3/6 + 2*z**2. What is g(l)?
5
Let t = -5 + 8. Suppose -i = t*i. Let z(s) be the second derivative of s**3/6 - 3*s**2/2 - 21*s. Give z(i).
-3
Suppose -q + 29 = -c + 10, -2*c = 2*q - 22. Let z(f) = 4*f. Let u be z(q). Suppose -2*g + 14 = 3*t, 6*t - 4*g - u = t. Let b(p) = p - 4. What is b(t)?
4
Suppose -4*h - 25 - 3 = 0. Let k(x) = -x**2 - 2*x. Let m(s) = -2*s**2 - 2*s. Let p(z) = -5*k(z) + 2*m(z). What is p(h)?
7
Let k(u) = 2*u - 1. Suppose 2*z = z + 5, -2*w - z - 269 = 0. Let q = w - -138. What is k(q)?
1
Let m(s) = s**3 + 5*s**2 - 6*s + 1. Let f be m(-6). Suppose -3*r - 95 = 16*r. Let o = r - f. Let y(q) = -q**3 - 7*q**2 - 5*q. What is y(o)?
-6
Let s(g) = -g**2 - 7*g - 4. Let o be (-50)/6 - 224/(-168). Calculate s(o).
-4
Suppose 51*y - 6 = 49*y - t, y = t + 3. Let x(d) = -d - 2 + 1 - d + 0*d + d**2. Give x(y).
2
Let b be (882/(-168))/(12/(-16)*1). Let t(l) = -2*l**3 + 13*l**2 + 6*l + 4. Determine t(b).
-3
Let t(w) be the second derivative of -w**4/12 + 4*w**3/3 - 3*w**2/2 - 5*w. Let j(z) = z**2 - 6*z - 33. Let x be j(10). What is t(x)?
4
Let d(h) = h**2 - 8*h + 1. Let p(l) = -2*l**2 + 20*l - 24. Let b be p(8). Calculate d(b).
1
Let w(g) = g**2 + 2*g + 3. Let q = -27 - -29. Suppose 0 = v, 2 + 0 = -q*l + 4*v. Let i be (-9)/15*(-5)/l. Determine w(i).
6
Let n(q) = -q**2 - q - 1. Let u(h) = -h**2 + 5*h + 4. Let d(t) = -n(t) - u(t). Give d(-2).
13
Let o be (0 - 6) + (-14)/7. Let n(s) = -s**2 - 5*s + 10. Determine n(o).
-14
Let u(b) = -77*b + 1001. Let y be u(13). Let o(a) = 9*a. Calculate o(y).
0
Let a(g) = -g**2 + 7*g - 9. Let q(m) = 4*m**2 - 21*m + 29. Let x(v) = 7*a(v) + 2*q(v). Give x(-6).
-11
Let v(x) = -3*x + 1. Let o(w) = 13*w - 4. Let g(a) = o(a) + 4*v(a). What is g(1)?
1
Let u(i) = -19 + 4*i**2 + 19 - 5*i**2 + 10*i. Give u(7).
21
Let q(y) = -y**3 - 10*y**2 - 9*y - 8. Suppose -21 = 4*o - 3*u, 0 = 4*o - 0*u - 2*u + 26. Determine q(o).
-8
Let h(w) = 26*w - 14. Let y(o) = -22*o + 12. Let k(g) = 6*h(g) + 7*y(g). Calculate k(0).
0
Suppose 3*g + 74 = 5*h, 0*g = -2*g - 2*h - 28. Let b = 13 + g. Let d(a) = a - 1. Let q(t) = -2*t + 2. Let w(i) = -3*d(i) - 2*q(i). Give w(b).
-6
Let p(h) = -h**2 + 6*h - 2. Let y(l) = -l**2 - 8*l + 71. Let x be y(-13). Calculate p(x).
-2
Suppose 5 - 2 = -t. Let n be 0 - 1/(t/6). Let i(p) = 2*p - n*p**2 + 4 - 5 - p + 3*p**2. What is i(1)?
1
Let k(s) = -s - 2. Let o(j) = -3*j - 3. Let d(b) = -7*k(b) + 4*o(b). Let y(h) = -5*h - 43. Let l be y(-8). Determine d(l).
17
Let h(w) = -w**3 + 20*w**2 - 21*w + 38. Let x be h(19). Let g(n) = n**3 - n**2 - 6. Calculate g(x).
-6
Let a = -90 - -94. Let g(r) be the second derivative of 0 - 1/12*r**a - 2*r**2 - 1/6*r**3 + 6*r. Give g(0).
-4
Let r(c) = 3*c - 1. Let z be (-16)/3*(-132)/176. Calculate r(z).
11
Let a(v) be the second derivative of 27*v - 7/2*v**2 + 0 - 1/6*v**3. Suppose -k + 28 = -5*k. Determine a(k).
0
Let p = 95 - 90. Let y(s) = -9 + 12 + p - 4*s. Give y(7).
-20
Let h(s) = 2*s**2 + 7. Let m(r) = r**2 + r. Let k(l) = -4*l**2 - 3*l - 8. Let z(d) = k(d) + 2*m(d). Let j(o) = 4*h(o) + 3*z(o). What is j(3)?
13
Let j(z) = -2*z**2 + 9*z + 1. Let k be j(4). Let f(i) = -i**3 + 13*i**2 - 2*i - 51 - 4*i - 6*i**2 + 48. Give f(k).
17
Let i(d) = d**3 + 13*d**2 + 12*d + 2. Let x be (-144)/(-56)*(-1)/(6/28). What is i(x)?
2
Suppose -24 = -2*v + 28. Let h(w) = -55 + 32 + v + w. Give h(5).
8
Let h = 26 + -27. Let j(g) = -11*g**2 + 2*g + 1. Give j(h).
-12
Let g(y) be the second derivative of y**4/12 - 2*y**2 + 3*y. Let f be ((-1)/(-2))/((-5)/20). Let s be -13 + 11 - f/(-2). What is g(s)?
5
Let x(l) = l + 1. Let c(z) = -4 - 2*z + 1 + 4 - 2*z. Let k(s) = -c(s) - 3*x(s). Determine k(8).
4
Let p be ((-4)/5)/((-209)/55 + 4). Let s(l) = -l**2 - 2*l - 2. Calculate s(p).
-10
Suppose 2*o - 44 = 3*a - 0*o, -4*a - 2*o - 40 = 0. Let s(b) = b**3 + 13*b**2 + 12*b + 10. Calculate s(a).
10
Let u(a) = 11*a**3 + 3*a**2 + 3*a - 7. Let i(j) = -6*j**3 - j**2 - j + 3. Let f be 86/(-16) + 6/16. Let g(v) = f*i(v) - 2*u(v). Determine g(-1).
-9
Let a(z) be the third derivative of -z**7/840 - z**6/60 - z**5/30 - z**4/24 + 16*z**3/3 - 8*z**2. Let s(m) be the first derivative of a(m). Calculate s(-5).
-6
Let i(q) be the second derivative of -q**5/60 + 7*q**4/24 - 3*q**3/2 + q**2 - 6*q. Let u(k) be the first derivative of i(k). Determine u(6).
-3
Let